{"id":661,"date":"2019-04-13T21:31:32","date_gmt":"2019-04-13T19:31:32","guid":{"rendered":"https:\/\/campanariodesanxoan.com\/?page_id=661"},"modified":"2019-04-14T22:17:21","modified_gmt":"2019-04-14T20:17:21","slug":"politica-de-privacidad","status":"publish","type":"page","link":"https:\/\/campanariodesanxoan.com\/index.php\/politica-de-privacidad\/","title":{"rendered":"Pol\u00edtica de privacidad"},"content":{"rendered":"<section  class='av_textblock_section av-jufwbywy-fb332c25eada27fa069fc0ae177db0c2 '   itemscope=\"itemscope\" itemtype=\"https:\/\/schema.org\/CreativeWork\" ><div class='avia_textblock'  itemprop=\"text\" ><h2>\u00bfQui\u00e9n es el responsable del tratamiento de sus datos?<\/h2>\n<p class=\"western\" lang=\"en-US\" align=\"justify\"><span lang=\"es-ES\">Identidad:\u00a0ALVICLIMA SERVICIOS INTEGRALES SL<\/span><\/p>\n<p class=\"western\" lang=\"en-US\" align=\"justify\"><span lang=\"es-ES\">CIF B70560651<\/span><\/p>\n<p class=\"western\" lang=\"en-US\" align=\"justify\"><span lang=\"es-ES\">Domicilio social:\u00a0AVDA ROSALIA DE CASTRO, N\u00ba 15, 1\u00ba D O MILLADOIRO (A CORU\u00d1A). Tfno.:\u00a0663281087<\/span><\/p>\n<p class=\"western\" lang=\"en-US\" align=\"justify\"><span lang=\"es-ES\">E-mail: albertovillaverde@alviclima.com<br \/>\n<\/span><\/p>\n<p lang=\"en-US\" align=\"justify\">Direcci\u00f3n web: www.alviclima.com<\/p>\n<h2>Qu\u00e9 datos personales recogemos y por qu\u00e9 los recogemos<\/h2>\n<p class=\"western\" lang=\"en-US\" align=\"justify\"><span lang=\"es-ES\">E<\/span><span lang=\"es-ES\">n<\/span> <span lang=\"es-ES\"><b>ALVICLIMA SERVICIOS INTEGRALES SL<\/b><\/span> <span lang=\"es-ES\">tratamos la informaci\u00f3n que nos facilitan las personas interesadas con el fin de gestionar la prestaci\u00f3n del servicio contratado de instalaci\u00f3n, reparaci\u00f3n y mantenimiento de aire acondicionado y calefacci\u00f3n, instalaci\u00f3n, reparaci\u00f3n y mantenimiento de electricidad y fontaner\u00eda.<\/span><\/p>\n<h2>\u00bfCu\u00e1nto tiempo conservamos tus datos?<\/h2>\n<p class=\"western\" lang=\"en-US\" align=\"justify\"><span lang=\"es-ES\">Los datos proporcionados se conservar\u00e1n durante el tiempo que dure la relaci\u00f3n contractual y durante el plazo por el cual pudieran derivarse responsabilidades por los servicios prestados, siendo los mismos: 6 a\u00f1os respecto a libros de contabilidad, facturas, etc. (art. 30 c\u00f3digo de comercio); 5 a\u00f1os para las acciones personales sin plazo especial (art. 1964 c\u00f3digo civil); 10 a\u00f1os para las acciones derivadas de la ley 10\/2010, de 28 de abril, de prevenci\u00f3n de blanqueo de capitales y financiaci\u00f3n del terrorismo (art. 25); y 4 a\u00f1os respecto a obligaciones tributarias (arts. 66 y ss. ley general tributaria).<\/span><\/p>\n<p>Respeto de la actividad en la web, si dejas un comentario, el comentario y sus metadatos se conservan indefinidamente. Esto es para que podamos reconocer y aprobar comentarios sucesivos autom\u00e1ticamente en lugar de mantenerlos en una cola de moderaci\u00f3n.<\/p>\n<p>De los usuarios que se registran en nuestra web (si los hay), tambi\u00e9n almacenamos la informaci\u00f3n personal que proporcionan en su perfil de usuario. Todos los usuarios pueden ver, editar o eliminar su informaci\u00f3n personal en cualquier momento (excepto que no pueden cambiar su nombre de usuario). Los administradores de la web tambi\u00e9n pueden ver y editar esa informaci\u00f3n.<\/p>\n<p class=\"western\" lang=\"en-US\" align=\"justify\"><span lang=\"es-ES\"><b>\u00bfCu\u00e1l es la legitimaci\u00f3n para el tratamiento de sus datos?<\/b><\/span><\/p>\n<p class=\"western\" lang=\"en-US\" align=\"justify\"><span lang=\"es-ES\">La base legal para el tratamiento de sus datos es el contrato que usted ha firmado con nuestra empresa.<\/span><\/p>\n<p class=\"western\" lang=\"en-US\" align=\"justify\"><span lang=\"es-ES\"><b>\u00bfC\u00f3mo hemos obtenido sus datos?<\/b><\/span><\/p>\n<p class=\"western\" lang=\"en-US\" align=\"justify\"><span lang=\"es-ES\">Los datos personales objeto de tratamiento en <\/span><span lang=\"es-ES\"><b>ALVICLIMA SERVICIOS INTEGRALES SL<\/b><\/span> <span lang=\"es-ES\">proceden del propio interesado.<\/span><\/p>\n<p class=\"western\" lang=\"en-US\" align=\"justify\"><span lang=\"es-ES\">Las categor\u00edas de datos objeto de tratamiento son:<\/span><\/p>\n<p class=\"western\" lang=\"en-US\" align=\"justify\"><span lang=\"es-ES\">Datos identificativos<\/span><\/p>\n<p class=\"western\" lang=\"en-US\" align=\"justify\"><span lang=\"es-ES\">Datos de caracter\u00edsticas personales<\/span><\/p>\n<p class=\"western\" lang=\"en-US\" align=\"justify\"><span lang=\"es-ES\">Datos de circunstancias sociales<\/span><\/p>\n<p class=\"western\" lang=\"en-US\" align=\"justify\"><span lang=\"es-ES\">Datos de detalles de empleo<\/span><\/p>\n<p class=\"western\" lang=\"en-US\" align=\"justify\"><span lang=\"es-ES\">Datos econ\u00f3micos financieros<\/span><\/p>\n<p class=\"western\" lang=\"en-US\" align=\"justify\"><span lang=\"es-ES\"><b>DESTINATARIOS<\/b><\/span><\/p>\n<p class=\"western\" lang=\"en-US\" align=\"justify\"><span lang=\"es-ES\">L<\/span><span lang=\"es-ES\">os<\/span> <span lang=\"es-ES\">datos del cliente, con car\u00e1cter general, no ser\u00e1n comunicados a terceros salvo que resulte necesario para la correcta ejecuci\u00f3n del servicio contratado, en cuyo caso podr\u00e1n ser comunicados a:<\/span><\/p>\n<ul>\n<li>\n<p class=\"western\" lang=\"en-US\" align=\"justify\"><span lang=\"es-ES\">Las administraciones p\u00fablicas en los casos previstos por la ley.<\/span><\/p>\n<\/li>\n<li>\n<p class=\"western\" lang=\"en-US\" align=\"justify\"><span lang=\"es-ES\">Los bancos y entidades financieras para el cobro de los servicios de nuestra entidad.<\/span><\/p>\n<\/li>\n<li>\n<p class=\"western\" lang=\"en-US\" align=\"justify\">Terceros proveedores de servicios.<\/p>\n<\/li>\n<li>\n<p class=\"western\" lang=\"en-US\" align=\"justify\"><span lang=\"es-ES\">Entidades colaboradoras de la Seguridad Social.<\/span><\/p>\n<\/li>\n<li>\n<p class=\"western\" lang=\"en-US\" align=\"justify\"><span lang=\"es-ES\">No se prev\u00e9n transferencias internacionales de datos<b>.<\/b><\/span><\/p>\n<\/li>\n<\/ul>\n<h2><\/h2>\n<h2>Qu\u00e9 derechos tienes sobre tus datos<\/h2>\n<p class=\"western\" lang=\"en-US\" align=\"justify\"><span lang=\"es-ES\">Cualquier persona interesada tiene los siguientes derechos:<\/span><\/p>\n<p class=\"western\" lang=\"en-US\" align=\"justify\"><span lang=\"es-ES\"><b>Acceso<\/b><\/span><span lang=\"es-ES\">, a trav\u00e9s del ejercicio de este derecho puede conocer qu\u00e9 datos de car\u00e1cter personal tuyos est\u00e1n siendo tratados por parte del responsable, la finalidad de este tratamiento, el origen de los citados datos y si se han comunicado o se van comunicar a un tercero<\/span><span lang=\"es-ES\">.<\/span><\/p>\n<p class=\"western\" lang=\"en-US\" align=\"justify\"><span lang=\"es-ES\"><b>Rectificaci\u00f3n<\/b><\/span><span lang=\"es-ES\">, <\/span><span lang=\"es-ES\">consiste en la posibilidad de que mediante su ejercicio ante el responsable que trata sus datos<\/span> <span lang=\"es-ES\">personales, modifique aquellos datos que sean inexactos o incompletos, debiendo en la solicitud de rectificaci\u00f3n indicar qu\u00e9 datos desea que se modifiquen. a esta solicitud deber\u00e1s acompa\u00f1ar la documentaci\u00f3n justificativa correspondiente.<\/span><\/p>\n<p class=\"western\" lang=\"en-US\" align=\"justify\"><span lang=\"es-ES\"><b>Cancelaci\u00f3n<\/b><\/span><span lang=\"es-ES\">, <\/span><span lang=\"es-ES\">permite la cancelaci\u00f3n de tus datos personales que sean inadecuados o excesivos. No obstante, se conservar\u00e1n bloqueados de manera que se impida su tratamiento, sin perjuicio de su puesta a disposici\u00f3n de las administraciones p\u00fablicas, jueces y tribunales, para la atenci\u00f3n de las posibles responsabilidades que hayan surgido del tratamiento durante su plazo de prescripci\u00f3n.<\/span><\/p>\n<p class=\"western\" lang=\"en-US\" align=\"justify\"><span lang=\"es-ES\">Cumplido este plazo se proceder\u00e1 a la supresi\u00f3n de los mismos.<\/span><\/p>\n<p class=\"western\" lang=\"en-US\" align=\"justify\"><span lang=\"es-ES\"><b>Oposici\u00f3n<\/b><\/span> <span lang=\"es-ES\">mediante el ejercicio de este derecho puede oponerse a que no se realice el tratamiento de sus datos personales en los supuestos legalmente previstos.<\/span><\/p>\n<p class=\"western\" lang=\"en-US\" align=\"justify\"><span lang=\"es-ES\"><b>Supresi\u00f3n<\/b><\/span> <span lang=\"es-ES\">supone aplicar los derechos de cancelaci\u00f3n y oposici\u00f3n a los buscadores para impedir la difusi\u00f3n de la informaci\u00f3n cuando \u00e9sta es obsoleta o no tiene relevancia ni inter\u00e9s p\u00fablico.<\/span><\/p>\n<p class=\"western\" lang=\"en-US\"><span lang=\"es-ES\"><b>Limitaci\u00f3n de tratamiento<\/b><\/span> <span lang=\"es-ES\">se refiere a dos procesos:<\/span><\/p>\n<p class=\"western\" lang=\"en-US\" align=\"justify\">\u00a0<span lang=\"es-ES\">(i)\u00a0\u00a0suspensi\u00f3n temporal del tratamiento\u00a0cuando\u00a0se ha ejercitado\u00a0el derecho de rectificaci\u00f3n\u00a0(art\u00edculo 18.1.a) y cuando se ha ejercitado\u00a0el derecho de oposici\u00f3n\u00a0frente a un tratamiento legitimado por inter\u00e9s leg\u00edtimo, mientras se dirime la existencia de dicho inter\u00e9s leg\u00edtimo (art\u00edculo 18.1d).<\/span><\/p>\n<p class=\"western\" lang=\"en-US\" align=\"justify\"><span lang=\"es-ES\">(ii)\u00a0\u00a0\u00a0conservaci\u00f3n de los datos\u00a0cuando el responsable va a proceder a la supresi\u00f3n de los datos y el interesado solicita en su lugar la limitaci\u00f3n de los mismos para el ejercicio y defensa de reclamaciones frente a la AEPD. Estos datos se conservar\u00e1n bloqueados, siendo inaccesibles salvo requerimiento de jueces y tribunales, o en el ejercicio y defensa de reclamaciones frente a la AEPD (art\u00edculo 18.1c).<\/span><\/p>\n<p class=\"western\" lang=\"en-US\" align=\"justify\"><span lang=\"es-ES\"><b>Portabilidad<\/b><\/span> <span lang=\"es-ES\">podr\u00e1 recibir sus datos personales facilitados en un formato estructurado, de uso com\u00fan y lectura mec\u00e1nica, y poder transmitirlos a otro responsable, siempre que sea t\u00e9cnicamente posible.<\/span><\/p>\n<p class=\"western\" lang=\"en-US\" align=\"justify\"><span lang=\"es-ES\"><u>Qu\u00e9 debe presentar para ejercitar tus derechos:<\/u><\/span><\/p>\n<p class=\"western\" lang=\"en-US\" align=\"justify\"><span lang=\"es-ES\">Petici\u00f3n dirigida al responsable que posea tus datos personales.<\/span><\/p>\n<p class=\"western\" lang=\"en-US\" align=\"justify\"><span lang=\"es-ES\">Fotocopia del DNI o pasaporte u otro documento v\u00e1lido que te identifique.<\/span><\/p>\n<p class=\"western\" lang=\"en-US\" align=\"justify\"><span lang=\"es-ES\">Petici\u00f3n en que se concreta la solicitud.<\/span><\/p>\n<p class=\"western\" lang=\"en-US\" align=\"justify\"><span lang=\"es-ES\">Direcci\u00f3n a efectos de notificaciones, fecha y tu firma.<\/span><\/p>\n<p class=\"western\" lang=\"en-US\" align=\"justify\"><span lang=\"es-ES\">Documentos acreditativos de la petici\u00f3n que realices, si fuesen necesarios<\/span><\/p>\n<h3><\/h3>\n<h3>Formularios de contacto<\/h3>\n<h3>Cookies<\/h3>\n<p>Si dejas un comentario en nuestro sitio puedes elegir guardar tu nombre, direcci\u00f3n de correo electr\u00f3nico y web en cookies. Esto es para tu comodidad, para que no tengas que volver a rellenar tus datos cuando dejes otro comentario. Estas cookies tendr\u00e1n una duraci\u00f3n de un a\u00f1o.<\/p>\n<p>Si tienes una cuenta y te conectas a este sitio, instalaremos una cookie temporal para determinar si tu navegador acepta cookies. Esta cookie no contiene datos personales y se elimina al cerrar el navegador.<\/p>\n<p>Cuando inicias sesi\u00f3n, tambi\u00e9n instalaremos varias cookies para guardar tu informaci\u00f3n de inicio de sesi\u00f3n y tus opciones de visualizaci\u00f3n de pantalla. Las cookies de inicio de sesi\u00f3n duran dos d\u00edas, y las cookies de opciones de pantalla duran un a\u00f1o. Si seleccionas \u00abRecordarme\u00bb, tu inicio de sesi\u00f3n perdurar\u00e1 durante dos semanas. Si sales de tu cuenta, las cookies de inicio de sesi\u00f3n se eliminar\u00e1n.<\/p>\n<p>Si editas o publicas un art\u00edculo se guardar\u00e1 una cookie adicional en tu navegador. Esta cookie no incluye datos personales y simplemente indica el ID del art\u00edculo que acabas de editar. Caduca despu\u00e9s de 1 d\u00eda.<\/p>\n<h3>Contenido incrustado de otros sitios web<\/h3>\n<p>Los art\u00edculos de este sitio pueden incluir contenido incrustado (por ejemplo, v\u00eddeos, im\u00e1genes, art\u00edculos, etc.). El contenido incrustado de otras web se comporta exactamente de la misma manera que si el visitante hubiera visitado la otra web.<\/p>\n<p>Estas web pueden recopilar datos sobre ti, utilizar cookies, incrustar un seguimiento adicional de terceros, y supervisar tu interacci\u00f3n con ese contenido incrustado, incluido el seguimiento de tu interacci\u00f3n con el contenido incrustado si tienes una cuenta y est\u00e1s conectado a esa web.<\/p>\n<h3>Tienes la posibilidad de activar o desactivar las siguientes funcionalidades:<\/h3>\n<p><strong><div class=\"av-switch-aviaPrivacyGoogleWebfontsDisabled av-toggle-switch av-cookie-disable-external-toggle av-cookie-save-unchecked av-cookie-default-checked\"><label><input type=\"checkbox\" checked=\"checked\" id=\"aviaPrivacyGoogleWebfontsDisabled\" class=\"aviaPrivacyGoogleWebfontsDisabled \" name=\"aviaPrivacyGoogleWebfontsDisabled\" ><span class=\"toggle-track\"><\/span><span class=\"toggle-label-content\">Click para activar\/desactivar google webfonts<\/span><\/label><\/div><\/strong><\/p>\n<p><strong><div class=\"av-switch-aviaPrivacyGoogleMapsDisabled av-toggle-switch av-cookie-disable-external-toggle av-cookie-save-unchecked av-cookie-default-checked\"><label><input type=\"checkbox\" checked=\"checked\" id=\"aviaPrivacyGoogleMapsDisabled\" class=\"aviaPrivacyGoogleMapsDisabled \" name=\"aviaPrivacyGoogleMapsDisabled\" ><span class=\"toggle-track\"><\/span><span class=\"toggle-label-content\">Click para activar\/desactivar google maps<\/span><\/label><\/div><\/strong><\/p>\n<p><strong><div class=\"av-switch-aviaPrivacyVideoEmbedsDisabled av-toggle-switch av-cookie-disable-external-toggle av-cookie-save-unchecked av-cookie-default-checked\"><label><input type=\"checkbox\" checked=\"checked\" id=\"aviaPrivacyVideoEmbedsDisabled\" class=\"aviaPrivacyVideoEmbedsDisabled \" name=\"aviaPrivacyVideoEmbedsDisabled\" ><span class=\"toggle-track\"><\/span><span class=\"toggle-label-content\">Click para activar\/desactivar videos embebidos <\/span><\/label><\/div><\/strong><\/p>\n<p><strong><div data-disabled_by_browser=\"Please enable this feature in your browser settings and reload the page.\" class=\"av-switch-aviaPrivacyGoogleTrackingDisabled av-toggle-switch av-cookie-disable-external-toggle av-cookie-save-unchecked av-cookie-default-checked\"><label><input type=\"checkbox\" checked=\"checked\" id=\"aviaPrivacyGoogleTrackingDisabled\" class=\"aviaPrivacyGoogleTrackingDisabled \" name=\"aviaPrivacyGoogleTrackingDisabled\" ><span class=\"toggle-track\"><\/span><span class=\"toggle-label-content\">Click para activar\/desactivar google analytics tracking<\/span><\/label><\/div><\/strong><\/p>\n<\/div><\/section>\n","protected":false},"excerpt":{"rendered":"","protected":false},"author":2,"featured_media":0,"parent":0,"menu_order":0,"comment_status":"closed","ping_status":"closed","template":"","meta":{"footnotes":""},"class_list":["post-661","page","type-page","status-publish","hentry"],"_links":{"self":[{"href":"https:\/\/campanariodesanxoan.com\/index.php\/wp-json\/wp\/v2\/pages\/661","targetHints":{"allow":["GET"]}}],"collection":[{"href":"https:\/\/campanariodesanxoan.com\/index.php\/wp-json\/wp\/v2\/pages"}],"about":[{"href":"https:\/\/campanariodesanxoan.com\/index.php\/wp-json\/wp\/v2\/types\/page"}],"author":[{"embeddable":true,"href":"https:\/\/campanariodesanxoan.com\/index.php\/wp-json\/wp\/v2\/users\/2"}],"replies":[{"embeddable":true,"href":"https:\/\/campanariodesanxoan.com\/index.php\/wp-json\/wp\/v2\/comments?post=661"}],"version-history":[{"count":0,"href":"https:\/\/campanariodesanxoan.com\/index.php\/wp-json\/wp\/v2\/pages\/661\/revisions"}],"wp:attachment":[{"href":"https:\/\/campanariodesanxoan.com\/index.php\/wp-json\/wp\/v2\/media?parent=661"}],"curies":[{"name":"wp","href":"https:\/\/api.w.org\/{rel}","templated":true}]}}